{"id":1107,"date":"2014-03-13T11:45:39","date_gmt":"2014-03-13T09:45:39","guid":{"rendered":"http:\/\/www.immobilieninsalzburg.at\/?page_id=1107"},"modified":"2014-07-30T14:30:42","modified_gmt":"2014-07-30T12:30:42","slug":"nebenkosten-miete","status":"publish","type":"page","link":"https:\/\/www.immobilieninsalzburg.at\/?page_id=1107","title":{"rendered":"Nebenkosten Kauf"},"content":{"rendered":"<p>Wir haben f\u00fcr Sie die vollst\u00e4ndige Kauf &#8211; Nebenkosten\u00fcbersicht von der Wirtschaftskammer online gestellt.<\/p>\n<p>Bitte klicken Sie hier:<\/p>\n<p><a href=\"http:\/\/www.immobilieninsalzburg.at\/wp-content\/uploads\/2014\/03\/Nebenkosten_13K_2014_7.pdf\">Nebenkosten_13K_2014_7<\/a><\/p>\n<p>&nbsp;<\/p>\n<p>Viel Spass beim Lesen \ud83d\ude42<\/p>\n","protected":false},"excerpt":{"rendered":"<p>Wir haben f\u00fcr Sie die vollst\u00e4ndige Kauf &#8211; Nebenkosten\u00fcbersicht von der Wirtschaftskammer online gestellt. Bitte klicken Sie hier: Nebenkosten_13K_2014_7 &nbsp; Viel Spass beim Lesen \ud83d\ude42<\/p>\n","protected":false},"author":1,"featured_media":0,"parent":0,"menu_order":0,"comment_status":"open","ping_status":"open","template":"","meta":{"ngg_post_thumbnail":0},"_links":{"self":[{"href":"https:\/\/www.immobilieninsalzburg.at\/index.php?rest_route=\/wp\/v2\/pages\/1107"}],"collection":[{"href":"https:\/\/www.immobilieninsalzburg.at\/index.php?rest_route=\/wp\/v2\/pages"}],"about":[{"href":"https:\/\/www.immobilieninsalzburg.at\/index.php?rest_route=\/wp\/v2\/types\/page"}],"author":[{"embeddable":true,"href":"https:\/\/www.immobilieninsalzburg.at\/index.php?rest_route=\/wp\/v2\/users\/1"}],"replies":[{"embeddable":true,"href":"https:\/\/www.immobilieninsalzburg.at\/index.php?rest_route=%2Fwp%2Fv2%2Fcomments&post=1107"}],"version-history":[{"count":6,"href":"https:\/\/www.immobilieninsalzburg.at\/index.php?rest_route=\/wp\/v2\/pages\/1107\/revisions"}],"predecessor-version":[{"id":1394,"href":"https:\/\/www.immobilieninsalzburg.at\/index.php?rest_route=\/wp\/v2\/pages\/1107\/revisions\/1394"}],"wp:attachment":[{"href":"https:\/\/www.immobilieninsalzburg.at\/index.php?rest_route=%2Fwp%2Fv2%2Fmedia&parent=1107"}],"curies":[{"name":"wp","href":"https:\/\/api.w.org\/{rel}","templated":true}]}}