{"id":1101,"date":"2014-03-13T11:39:48","date_gmt":"2014-03-13T09:39:48","guid":{"rendered":"http:\/\/www.immobilieninsalzburg.at\/?page_id=1101"},"modified":"2014-07-30T14:32:44","modified_gmt":"2014-07-30T12:32:44","slug":"nebenkosten-kauf","status":"publish","type":"page","link":"https:\/\/www.immobilieninsalzburg.at\/?page_id=1101","title":{"rendered":"Nebenkosten Miete"},"content":{"rendered":"<p>Wir haben f\u00fcr Sie die vollst\u00e4ndige Miet &#8211; Nebenkosten\u00fcbersicht von der Wirtschaftskammer online gestellt.<\/p>\n<p>Bitte klicken Sie hier:<\/p>\n<p><a href=\"http:\/\/www.immobilieninsalzburg.at\/wp-content\/uploads\/2014\/03\/Nebenkosten_13K_2014_7.pdf\"><a href=\"http:\/\/www.immobilieninsalzburg.at\/wp-content\/uploads\/2014\/03\/Nebenkosten_13M_2014_6.pdf\">Nebenkosten_13M_2014_6<\/a><\/a><\/p>\n<p>Gerne k\u00f6nnen Sie dieses Dokument auch bequemt ausdrucken. \u00a0Wenn Sie fragen haben, k\u00f6nnen Sie sich gerne an uns wenden.<\/p>\n<p>Viel Spass beim Lesen \ud83d\ude42<\/p>\n<p>&nbsp;<\/p>\n","protected":false},"excerpt":{"rendered":"<p>Wir haben f\u00fcr Sie die vollst\u00e4ndige Miet &#8211; Nebenkosten\u00fcbersicht von der Wirtschaftskammer online gestellt. Bitte klicken Sie hier: Nebenkosten_13M_2014_6 Gerne k\u00f6nnen Sie dieses Dokument auch bequemt ausdrucken. \u00a0Wenn Sie fragen haben, k\u00f6nnen Sie sich gerne an uns wenden. Viel Spass beim Lesen \ud83d\ude42 &nbsp;<\/p>\n","protected":false},"author":1,"featured_media":0,"parent":0,"menu_order":0,"comment_status":"open","ping_status":"open","template":"","meta":{"ngg_post_thumbnail":0},"_links":{"self":[{"href":"https:\/\/www.immobilieninsalzburg.at\/index.php?rest_route=\/wp\/v2\/pages\/1101"}],"collection":[{"href":"https:\/\/www.immobilieninsalzburg.at\/index.php?rest_route=\/wp\/v2\/pages"}],"about":[{"href":"https:\/\/www.immobilieninsalzburg.at\/index.php?rest_route=\/wp\/v2\/types\/page"}],"author":[{"embeddable":true,"href":"https:\/\/www.immobilieninsalzburg.at\/index.php?rest_route=\/wp\/v2\/users\/1"}],"replies":[{"embeddable":true,"href":"https:\/\/www.immobilieninsalzburg.at\/index.php?rest_route=%2Fwp%2Fv2%2Fcomments&post=1101"}],"version-history":[{"count":7,"href":"https:\/\/www.immobilieninsalzburg.at\/index.php?rest_route=\/wp\/v2\/pages\/1101\/revisions"}],"predecessor-version":[{"id":1407,"href":"https:\/\/www.immobilieninsalzburg.at\/index.php?rest_route=\/wp\/v2\/pages\/1101\/revisions\/1407"}],"wp:attachment":[{"href":"https:\/\/www.immobilieninsalzburg.at\/index.php?rest_route=%2Fwp%2Fv2%2Fmedia&parent=1101"}],"curies":[{"name":"wp","href":"https:\/\/api.w.org\/{rel}","templated":true}]}}